316?
268
What is the highest common divisor of 10488 and 1288?
184
What is the highest common factor of 6676 and 346?
2
Calculate the highest common factor of 1956 and 24.
12
Calculate the greatest common divisor of 250 and 164125.
125
Calculate the highest common factor of 7134 and 101790.
174
What is the greatest common factor of 1440 and 27936?
288
Calculate the greatest common factor of 26 and 287755.
13
What is the greatest common factor of 40 and 167488?
8
Calculate the highest common divisor of 4000 and 2090.
10
Calculate the greatest common factor of 80 and 12420.
20
Calculate the greatest common divisor of 41205 and 45.
15
Calculate the highest common factor of 63184 and 66.
22
What is the highest common factor of 126759 and 87?
87
What is the greatest common divisor of 160 and 890?
10
What is the highest common factor of 270 and 3423870?
270
What is the greatest common factor of 6513 and 217434?
501
What is the highest common factor of 108 and 151767?
27
What is the highest common divisor of 29832 and 2046?
66
What is the greatest common divisor of 127 and 115697?
127
Calculate the greatest common divisor of 16575 and 13923.
663
What is the highest common divisor of 56474 and 442?
34
What is the greatest common divisor of 1309 and 357?
119
Calculate the highest common divisor of 41 and 79991.
41
What is the greatest common divisor of 13 and 241839?
13
Calculate the greatest common factor of 141505 and 1820.
455
What is the highest common factor of 4806 and 2538?
54
Calculate the highest common divisor of 362622 and 117.
39
What is the greatest common factor of 104 and 242632?
104
Calculate the greatest common factor of 5767 and 65408.
73
Calculate the highest common factor of 3178 and 56.
14
Calculate the greatest common divisor of 5732 and 12.
4
What is the greatest common divisor of 2182778 and 962?
962
Calculate the greatest common factor of 19189 and 248.
31
What is the highest common divisor of 32 and 3552384?
32
What is the highest common divisor of 504 and 8876?
28
Calculate the greatest common factor of 612 and 459684.
36
Calculate the greatest common divisor of 51 and 2141643.
51
Calculate the greatest common factor of 88180 and 100.
20
What is the greatest common divisor of 10 and 1948185?
5
Calculate the highest common divisor of 162020 and 100.
20
Calculate the greatest common factor of 7123214 and 366.
122
What is the greatest common divisor of 1325 and 427657?
53
What is the greatest common factor of 567 and 8856?
27
Calculate the highest common divisor of 454 and 1556539.
227
What is the greatest common divisor of 87 and 4814?
29
What is the highest common divisor of 15 and 176835?
15
What is the greatest common divisor of 7021 and 17759?
413
What is the highest common divisor of 1882 and 26?
2
What is the greatest common factor of 3 and 12723?
3
What is the highest common divisor of 1763246 and 82?
82
Calculate the greatest common factor of 160 and 608.
32
Calculate the highest common divisor of 219048 and 72.
24
Calculate the greatest common divisor of 571586 and 2043.
227
Calculate the highest common factor of 66814 and 55.
11
Calculate the highest common factor of 27331 and 9231.
181
Calculate the highest common factor of 97825 and 2925.
325
Calculate the greatest common divisor of 53560 and 114920.
520
Calculate the highest common factor of 40 and 1612040.
40
Calculate the greatest common factor of 320 and 116640.
160
Calculate the greatest common divisor of 45952 and 10.
2
Calculate the highest common factor of 58 and 2.
2
What is the greatest common factor of 9646 and 112294?
182
What is the greatest common factor of 4450 and 130?
10
Calculate the greatest common divisor of 6028 and 220.
44
What is the greatest common factor of 19092 and 87505?
1591
What is the highest common divisor of 288820 and 140?
140
What is the greatest common divisor of 530 and 9710?
10
Calculate the greatest common divisor of 34 and 3842.
34
What is the highest common factor of 725 and 300?
25
What is the highest common factor of 91 and 41873?
13
Calculate the greatest common divisor of 3926 and 7436.
26
Calculate the highest common factor of 627628 and 1068.
356
What is the highest common factor of 644 and 7045682?
322
What is the highest common factor of 371 and 22896?
53
What is the greatest common divisor of 1461592 and 340?
68
Calculate the greatest common divisor of 147 and 4949.
49
What is the greatest common divisor of 66 and 369?
3
Calculate the highest common divisor of 284 and 228336.
284
Calculate the highest common factor of 142452 and 36.
36
Calculate the highest common divisor of 5049 and 2376.
297
Calculate the highest common factor of 360679 and 11.
11
Calculate the greatest common factor of 711228 and 672.
84
What is the greatest common factor of 486 and 52422?
6
What is the highest common factor of 264 and 1313224?
88
What is the highest common divisor of 17748 and 748?
68
What is the greatest common factor of 267335 and 842?
421
What is the greatest common factor of 2324 and 15799?
7
Calculate the highest common factor of 1035 and 528885.
1035
What is the greatest common factor of 9761 and 6278?
43
What is the greatest common factor of 2648 and 158218?
662
What is the greatest common factor of 42 and 12264?
42
Calculate the greatest common divisor of 32682 and 156.
78
What is the highest common divisor of 3596 and 812?
116
Calculate the greatest common factor of 7008 and 39858.
438
What is the highest common factor of 75572 and 84?
28
Calculate the highest common factor of 267 and 78409.
89
What is the greatest common divisor of 13 and 24193?
13
What is the greatest common divisor of 9912 and 7224?
168
Calculate the highest common factor of 141642 and 488.
122
Calculate the greatest common divisor of 1453278 and 2208.
138
What is the greatest common factor of 156 and 3084?
12
Calculate the greatest common divisor of 16790 and 6670.
230
Calculate the highest common factor of 2985 and 720.
15
Calculate the greatest common factor of 26 and 128.
2
Calculate the highest common divisor of 69936 and 465.
93
What is the highest common factor of 2584 and 10761?
17
Calculate the greatest common factor of 4 and 925388.
4
Calculate the highest common factor of 6709165 and 655.
655
Calculate the greatest common factor of 47096 and 5481.
203
Calculate the highest common divisor of 400 and 57550.
50
What is the greatest common factor of 184 and 13340?
92
What is the highest common factor of 120 and 124240?
40
Calculate the highest common factor of 3075 and 533.
41
Calculate the highest common divisor of 7909 and 847.
11
Calculate the highest common factor of 173204 and 152.
76
Calculate the highest common divisor of 1102392 and 1255.
251
Calculate the highest common divisor of 344 and 59813.
43
What is the highest common factor of 16 and 17372?
4
What is the greatest common factor of 13112 and 649?
11
Calculate the highest common divisor of 84 and 9798.
6
Calculate the greatest common divisor of 243 and 15606.
27
Calculate the greatest common factor of 913338 and 108.
18
What is the greatest common factor of 2152 and 12643?
269
What is the highest common factor of 28072 and 1584?
88
What is the greatest common divisor of 1120 and 4718?
14
Calculate the greatest common divisor of 3433847 and 4964.
1241
Calculate the highest common divisor of 52948 and 42.
14
Calculate the greatest common divisor of 702 and 122512.
26
What is the greatest common divisor of 4139969 and 6065?
1213
What is the highest common factor of 1130 and 9070?
10
Calculate the highest common factor of 50183 and 1.
1
Calculate the highest common factor of 144944 and 592.
16
Calculate the greatest common divisor of 5 and 727520.
5
Calculate the highest common divisor of 128 and 32848.
16
What is the greatest common divisor of 2268 and 588?
84
Calculate the greatest common divisor of 1058 and 3611.
23
What is the greatest common divisor of 6968 and 25584?
104
What is the highest common divisor of 892 and 30551?
223
Calculate the highest common divisor of 768 and 678.
6
Calculate the greatest common divisor of 667842 and 42.
42
Calculate the greatest common divisor of 2772271 and 1007.
1007
Calculate the greatest common factor of 33800 and 5525.
325
Calculate the